be the third derivative of -c**5/20 - c**4/12 + c**3/6 - 6*c**2. Let f be g(1). Let u(d) = 3*d + 1. Give u(f).
-11
Let j(b) = 2*b + 1. Let m be j(1). Suppose -z = 5*o + 8, 5*z - 14 = m*o - o. Let g(x) = 2 - 5 - 3*x**z + 2*x**3 + 4. Determine g(2).
5
Suppose -4*t = -16 - 4. Let m(f) = -t + 6*f + 2*f - 3*f - 3*f. Calculate m(4).
3
Suppose 4*z - 8 = 2*z. Let t be (4/(-10))/(z/(-40)). Let f(h) = 5*h**2 + 7*h + 4. Let n(y) = -6*y**2 - 8*y - 4. Let s(m) = 7*f(m) + 6*n(m). Give s(t).
-8
Suppose 0*t - 4*t + 12 = 0. Let v(l) = 0*l**2 + 1 - l**2 + t. Let f(n) = n**3. Let d be f(0). Give v(d).
4
Let j(x) = 5*x**2 - 28*x - 8. Let d be j(6). Let o(g) = -g + 3. Determine o(d).
-1
Let z(c) = 2*c**2 - c - 2. Let s be z(2). Suppose 7*x + 4*r = 2*x - s, 0 = -2*x - r - 1. Suppose -3 = -x*h - h. Let o(n) = -n**3 + 2*n**2 - n + 1. What is o(h)?
-11
Let s(p) = p - 1. Let d be s(-3). Let c(x) = 5*x**3 + 2*x**2 + 9*x + 2. Let r(f) = -f**3 - f**2 - 2*f - 1. Let k(u) = -c(u) - 6*r(u). Give k(d).
-8
Let k be ((-1)/2)/((-4)/48). Suppose -k = -4*j + 2. Let m(s) = -6*s**2 + 4*s + s**j + 0*s**2 + 4*s**2 + 3. What is m(-2)?
-9
Let u(y) = y**3 + y**2 - 2. Let p(v) = 0*v**3 - 7*v**2 + v**3 + 2*v**2 - 4 + 5*v. Let f be p(4). What is u(f)?
-2
Suppose 0 = c + 1 - 0. Let m = c - 0. Let z(r) = -5*r**3 - r**2 + r + 1. Let d be z(m). Let k(y) = -y**3 + 4*y**2 - 2*y + 4. What is k(d)?
-4
Let p(g) = 3*g**3 + 1. Let n be p(1). Suppose 7*l - 6 = n*l. Let z(a) = 2 - l - 5 + a. Calculate z(3).
-2
Suppose -7*p + 3 = -32. Let x(i) = i**2 - 7*i + 3. Give x(p).
-7
Let x(i) = -i - 1. Let k(c) = 7*c + 13. Let y(b) = 10*b + 19. Let t(p) = 7*k(p) - 5*y(p). Let j(m) = -t(m) + 2*x(m). What is j(0)?
2
Let t(z) = -z**3 - 12. Let w = 15 + -15. Determine t(w).
-12
Let t(l) be the second derivative of 5*l**4/6 - l**2/2 - 24*l. Let k be (1 + -2)*5*-1. Suppose 4*v = -i + 2, v - 3*i + k = 12. Determine t(v).
9
Let s be 2 - 0 - (0 - 0). Let u(t) = t**2 - 3*t**3 - 2*t**2 - 1 + t + t**s. What is u(1)?
-3
Suppose -4*b = q - 0*b - 16, -5*q + 23 = b. Let r be 9/(-6)*q/3. Let x(j) = -j**3 + 2*j**2 + 3*j. Determine x(r).
10
Suppose -u + 2 = -3*u. Let h(r) = r. Determine h(u).
-1
Let x(f) = 183*f - 90*f - 87*f + 0 + 6 - 5*f**2 - f**3. Determine x(-6).
6
Let o = 5 - 4. Let w(m) = -2*m + m**3 + 0*m**3 - 1 + 3*m. Let q(p) = -p**3 + 2*p**2 - 6*p + 5. Let l(z) = -q(z) - 6*w(z). Determine l(o).
-6
Let t(c) = c**2 - 6*c - 6. Suppose 2*i = u - 0*u - 12, -4*u + 9 = 5*i. What is t(u)?
-6
Suppose 5*y - 10 = -b + y, -2*b + y = -11. Let a(w) = -w**3 + 5*w**2 + 6*w + 6. What is a(b)?
6
Let a be 0/((-2)/(6/(-3))). Let s(b) = b + 6. Suppose 0*q - 4*q + 8 = 0. Let m(p) = 1. Let j(v) = q*m(v) - s(v). What is j(a)?
-4
Let r(z) = -z - 5. Let f(n) = 7*n. Let l be f(-1). Give r(l).
2
Let q(c) = 9*c**3 + c**2 + 2*c + 1. Let a be (-9)/(-4) - (-2)/(-8). Suppose 2*n = -6*l + a*l - 4, -l + 3*n - 1 = 0. What is q(l)?
-9
Let y(f) = f - 1. Let c(i) be the first derivative of -i**2/2 + i + 1. Suppose 4*t + 21 = -3. Let o(k) = t*c(k) - 7*y(k). Calculate o(5).
-4
Let k(a) = -3*a + 8. Let p = 11 + -5. Calculate k(p).
-10
Let z(t) be the third derivative of t**5/60 + 7*t**4/24 + 7*t**3/6 - t**2. Let u be (-34)/8 - (-9)/(-12). Give z(u).
-3
Let x(w) be the third derivative of w**6/120 + w**5/20 - w**4/8 + w**3/2 + 24*w**2. Let i = -5 - -1. Give x(i).
-1
Let v(j) be the first derivative of j**4/4 - j**3 - 3*j**2/2 - j + 16. Suppose -4*f = 4*w - 3*f - 61, 0 = w + 3*f - 7. Suppose 4*r = w - 0. Give v(r).
3
Let m(v) be the first derivative of v**4/4 + 7*v**3/3 + 5*v**2/2 - 5*v + 17. Give m(-6).
1
Let d(s) = -7*s - 3. Let b(h) = 2*h + 1. Let m(y) = 3*b(y) + d(y). Determine m(6).
-6
Let m be ((-4)/6)/((-1)/3). Let y(b) = 19 + 27 + 2*b - 44. Give y(m).
6
Let p(z) = -5*z - 4. Let l(m) = -11*m - 9. Let d(s) = 2*l(s) - 5*p(s). Let x be ((-13)/(-5) - 3)/((-4)/(-20)). Calculate d(x).
-4
Let v be ((-6)/(-5))/(3/10). Let z(w) = w**2 - 3*w + 2. Let s be z(v). Let l(q) = s*q**3 - 6*q + 3*q - 3*q**3 - 6*q**2 - 4*q**3 - 9. What is l(-6)?
9
Let x(p) be the third derivative of 0*p + p**2 + 1/24*p**4 + 0 + 1/6*p**3 + 1/10*p**5. Determine x(-1).
6
Let m(n) = -n**3 - 3*n**2 + 5*n + 5. Let b(k) = k**2 - 5*k - 4. Let d be b(5). What is m(d)?
1
Let v = 258 - 260. Let g = 2 + 4. Let l(m) = -3 + 2*m - g*m + 0*m. What is l(v)?
5
Let q(z) = 12*z + 4*z + 0*z - 11*z - 4 - z**2. Determine q(4).
0
Let f(d) be the third derivative of -d**7/840 + d**6/360 - d**5/60 + d**4/24 - d**3/6 - 2*d**2. Let x(a) be the first derivative of f(a). Calculate x(2).
-7
Let l(f) = 11*f. Let w = -37 - -38. Determine l(w).
11
Let b(q) = q**2 - 5*q - 2. Let d be b(4). Let y be -1*2*9/d. Suppose -y*t - 4 = 2. Let h(s) = 3*s - 1. Calculate h(t).
-7
Suppose -3*v = -g + 1, -5*v - g + 0*g - 15 = 0. Let a(t) = t**3 + 4*t**2 + t + 2. Give a(v).
8
Suppose -8*v + 3*v + 15 = 0. Let y(j) = -3*j**2 + 8*j - 1. Let x(a) = a**2 - 3*a + 1. Let n(d) = -4*x(d) - y(d). What is n(v)?
0
Suppose 0 = -5*q - 14*q + 114. Let h(i) = -3*i - 4. Let g(u) = 5*u + 9. Let c(b) = 4*g(b) + 7*h(b). Determine c(q).
2
Suppose 0*f = 4*z - 3*f - 13, 0 = -z - f - 2. Suppose -s = z - 5. Let i(d) = d - 9. What is i(s)?
-5
Let x(r) be the second derivative of r**3/6 - r**2 + 3*r. Let w(k) = -9*k + 1. Let g be w(1). Let i = -6 - g. Give x(i).
0
Let b(m) be the first derivative of -m**4/4 - m**3/3 - 3*m**2/2 - 19. What is b(-3)?
27
Suppose 5*u = -254 + 259. Let d(c) = 5*c**3 + 2*c**2 - 2*c - 11. Let t(v) = 3*v**3 + v**2 - v - 7. Let b(f) = -5*d(f) + 8*t(f). Determine b(u).
-2
Let z(r) = r**2 + r - 4. Let w = -27 + 27. Determine z(w).
-4
Let h(s) = -s + 1. Let c be h(-3). Let f(b) = -5 + 3*b - 5*b + 6. Determine f(c).
-7
Let u(d) be the second derivative of d**5/40 - d**4/24 - d**3/6 + 2*d. Let y(k) be the second derivative of u(k). Determine y(2).
5
Let y(m) = 4*m + 2*m + m**2 + 0*m**2 - 2*m. Suppose 0 = 3*z + 2*z + 20. What is y(z)?
0
Suppose -16 = 2*h - 4*z, -12 + 32 = 5*h + 2*z. Suppose 0*a - 8 = h*a. Let w(m) = -4*m - 2. Let b(p) = -7*p - 4. Let g(d) = -3*b(d) + 5*w(d). Give g(a).
-2
Let a(h) = 3*h - 6. Let c be a(4). Let r(m) = m**2 - 6*m - 1. Give r(c).
-1
Let h(j) = j**3 - 6*j**2 + 5*j + 3. Let z(n) = n. Let g be z(4). Calculate h(g).
-9
Let t(y) = -2*y - 10. Let l be (-4)/6 + 1 - (-100)/(-12). Determine t(l).
6
Let z(t) be the second derivative of -1/12*t**4 + 0 + 7/6*t**3 - t**2 - t. Calculate z(6).
4
Let j(i) = 2*i + 4*i - 1 - i + 3. Give j(-4).
-18
Let k(r) = 8*r + 11. Let d be k(-2). Let z(m) = m. Let v(x) = -3*x - 3. Let l(s) = v(s) + z(s). Determine l(d).
7
Let i = 4 - 9. Let y(s) be the first derivative of -s**5/20 - s**4/3 + s**3 + 3*s**2/2 + 2*s + 1. Let n(u) be the first derivative of y(u). What is n(i)?
-2
Let z(p) = -p - 12. Suppose -4*a = 3*d + 23, -5*a + 0*d - 21 = -4*d. Give z(a).
-7
Let u(j) = -j. Let i(b) = b**2 + 2*b - 1. Let z(q) = i(q) + 3*u(q). Suppose 0*n - 5 = 5*n. Let o be (n + -1 + 2)/1. Calculate z(o).
-1
Suppose 0 = 2*l - 3*l + 5. Let t(q) = 1 + 4*q**2 + q + q - l*q**2 + 5*q. Determine t(6).
7
Let d(a) = -3*a - 6. Let k(q) = -q**3 - q**2 - q - 2. Let f be k(-2). Let h(u) = 2*u + 6. Let z(l) = f*h(l) + 3*d(l). What is z(7)?
-1
Let u be 2 + -2 + 3/1. Let w(a) = a + 4 - u - 3 - 3. Give w(-4).
-9
Let h(d) = d**2 - d. Let v(a) = -4*a**2 + 3*a + 3. Let g(j) = -4*j**2 - 1. Let y be g(-1). Let c(i) = y*h(i) - v(i). Determine c(3).
-6
Let s(i) = i + 4. Let u(h) = -2 - 4 + 2 + 0 - h. Let v(g) = -5*s(g) - 6*u(g). Calculate v(0).
4
Suppose -2*x - 2*l = -5*x + 8, -24 = -4*x - 4*l. Let v(o) = -2*o + 4. Give v(x).
-4
Let x(v) = -5*v. Let h(j) = 12*j. Let l(n) = -2*h(n) - 5*x(n). Calculate l(-9).
-9
Suppose 0*k - 3*s - 2 = -2*k, -5*k = s - 22. Let w(v) = -v**3 + 5*v**2 - 2*v - 2. Calculate w(k).
6
Let a(f) = f - 1. Let b = 13 - 7. Let h be (-2)/(-6)*-1*b. Let j = 5 + h. What is a(j)?
2
Let n(s) = -3*s**2 - 2*s - 6. Let g(y) = -y**2. Let u(j) = 4*g(j) - n(j). Let b(w) be the first derivative of u(w). Calculate b(3).
-4
Let l(g) = -4*g**2 + 11*g - 5. Let r be 207/(-45) - (-4)/(-10). Let w(j) = 3*j**2 - 10*j + 4. Let c(v) = r*w(v) - 4*l(v). What is c(-6)?
0
Let o(z) = -4*z**2 + 3*z - 4. Let v(r) = 5*r**2 - 3*r + 5. Let q(i) = 7*o(i) + 6*v(i). Calculate q(-2).
4
Let m(g) = -g - 2. Let h(t) = 6*t**2 + 2*t - 3*t + t**3 + t**2 - 10. 